{"id":3,"date":"2022-09-29T12:29:53","date_gmt":"2022-09-29T12:29:53","guid":{"rendered":"https:\/\/viveskyfest.com\/presentacion\/?page_id=3"},"modified":"2024-02-16T00:53:11","modified_gmt":"2024-02-16T00:53:11","slug":"avisodeprivacidad","status":"publish","type":"page","link":"https:\/\/www.viveskyfest.com\/presentacion\/avisodeprivacidad\/","title":{"rendered":"AVISO DE PRIVACIDAD"},"content":{"rendered":"\t\t<div data-elementor-type=\"wp-page\" data-elementor-id=\"3\" class=\"elementor elementor-3\" data-elementor-post-type=\"page\">\n\t\t\t\t\t\t<section class=\"elementor-section elementor-top-section elementor-element elementor-element-39d0dfbb elementor-section-boxed elementor-section-height-default elementor-section-height-default\" data-id=\"39d0dfbb\" data-element_type=\"section\" data-e-type=\"section\" data-settings=\"{&quot;background_background&quot;:&quot;classic&quot;}\">\n\t\t\t\t\t\t<div class=\"elementor-container elementor-column-gap-default\">\n\t\t\t\t\t<div class=\"elementor-column elementor-col-100 elementor-top-column elementor-element elementor-element-66232bf3\" data-id=\"66232bf3\" data-element_type=\"column\" data-e-type=\"column\">\n\t\t\t<div class=\"elementor-widget-wrap elementor-element-populated\">\n\t\t\t\t\t\t<div class=\"elementor-element elementor-element-2dfa51a6 elementor-widget elementor-widget-text-editor\" data-id=\"2dfa51a6\" data-element_type=\"widget\" data-e-type=\"widget\" data-widget_type=\"text-editor.default\">\n\t\t\t\t<div class=\"elementor-widget-container\">\n\t\t\t\t\t\t\t\t\t<p><\/p>\n<h2 class=\"wp-block-heading\"><strong>aviso de privacidad<\/strong><\/h2>\n<ol>\n<li><strong> AVISO DE PRIVACIDAD.<\/strong><\/li>\n<\/ol>\n<p><strong><em>Skyfest <\/em><\/strong>como empresa responsable del tratamiento de datos personales, garantiza su uso de forma leg\u00edtima, respetando en todo momento el derecho de sus propietarios a la autodeterminaci\u00f3n informativa de los datos que se obtienen en el uso del presente Sitio Web.<\/p>\n<p>Dado lo anterior, de conformidad con los lineamientos establecidos por la Ley Federal de Protecci\u00f3n de Datos Personales en Posesi\u00f3n de los Particulares y dem\u00e1s normas relativas a la protecci\u00f3n de Datos,\u00a0<strong><em>Skyfest,<\/em><\/strong>\u00a0tiene a bien poner a su disposici\u00f3n el presente Aviso de Privacidad, mismo que se regir\u00e1 bajo los siguientes t\u00e9rminos y condiciones.<\/p>\n<ol>\n<li><strong> IDENTIDAD Y DOMICILIO DEL RESPONSABLE QUE RECABA.<\/strong><\/li>\n<\/ol>\n<p>El dominio del presente software\u00a0<strong><em>app.viveskyfest.com y www.viveskyfest.com<\/em><\/strong> es propiedad de la persona fisica JESUS EMMANUEL SANCHEZ CARBAJAL<strong><em>,<\/em><\/strong>\u00a0en el municipio de Zapopan, Jalisco, quienes es responsable del tratamiento de la informaci\u00f3n obtenida por parte de los Usuarios y\/o Clientes del presente software, bajo los t\u00e9rminos y condiciones que a continuaci\u00f3n se se\u00f1alan.<\/p>\n<p><strong>III. FINALIDADES DEL TRATAMIENTO DE DATOS.<\/strong><\/p>\n<p><strong>PRIMERA.<\/strong>\u00a0Sus datos personales recopilados tendr\u00e1n los siguientes fines:<\/p>\n<ol>\n<li>Registro de Usuarios y\/o Clientes, mediante los siguientes datos personales: nacionalidad, nombre, domicilio, n\u00famero de tel\u00e9fono m\u00f3vil o fijo, correo electr\u00f3nico, sexo y fecha de nacimiento, as\u00ed como datos bancarios en caso de efectuarse un pago por la contrataci\u00f3n de un servicio o producto.<\/li>\n<\/ol>\n<ol>\n<li>An\u00e1lisis y estudios sobre el comportamiento de consumo de nuestros Clientes y Usuarios para desarrollar nuevos productos y servicios, e informar mediante el env\u00edo de notificaciones; promociones, ofertas, novedades y eventos especiales.<\/li>\n<\/ol>\n<ol>\n<li>Dar cumplimiento a obligaciones contra\u00eddas con los Usuarios y Clientes del presente Sitio Web.<\/li>\n<\/ol>\n<ol>\n<li>Disposici\u00f3n y almacenamiento de los videos, fotos e im\u00e1genes que se obtengan de nuestros Usuarios y\/o Clientes, con un periodo de conservaci\u00f3n posterior al evento, para poder ser usados con fines publicitarios y de difusi\u00f3n.<\/li>\n<\/ol>\n<ol>\n<li>Reconstrucci\u00f3n por medios\u00a0electr\u00f3nicos\u00a0digitales o anal\u00f3gicos, en unidad o secuencia de\u00a0im\u00e1genes\u00a0y grabaciones obtenidas por nuestros Usuarios y\/o Clientes.<\/li>\n<\/ol>\n<ol>\n<li>Generar una lista de invitados y almacenar im\u00e1genes o dem\u00e1s contenido publicado por los citados usuarios.<\/li>\n<\/ol>\n<ol start=\"7\">\n<li>Facilitar a los usuarios empresas filiales o proveedores que oferten servicios relacionados con la celebraci\u00f3n de eventos sociales, o de cualquier otro tipo, como lo pueden ser de forma enunciativa: hoteles, o cualquier centro de hospedaje. Casinos, salones de eventos, terrazas. Proveedores de bebidas y alimentos. Instituciones educativas, Fot\u00f3grafos, dise\u00f1adores, planificadores de eventos, entre otros.<\/li>\n<\/ol>\n<p>Sin perjuicio de lo anterior,\u00a0<strong><em>Skyfest<\/em><\/strong> a trav\u00e9s de sus redes sociales, se encuentra capacitada para retirar contenido que considere fuere ilegal o falte a la honradez y probidad.<\/p>\n<p><strong>SEGUNDA.<\/strong>\u00a0Los datos de car\u00e1cter personal que ser\u00e1n objeto de tratamiento ser\u00e1n los datos de car\u00e1cter personal que el Usuario haya facilitado a\u00a0<strong><em>Skyfest<\/em><\/strong> al completar el formulario de registro, como lo pueden ser: nombre, apellido, fotograf\u00edas, datos de contacto como tel\u00e9fono, e-mail, domicilio, usuario en redes sociales, fecha de nacimiento, lugar de nacimiento, nacionalidad, sexo. Datos econ\u00f3mico-financieros y bancarios en caso de que se realicen transferencias por contrataci\u00f3n.<\/p>\n<p><strong>TERCERA.<\/strong>\u00a0El usuario garantiza que la informcion personal proporcionada a\u00a0<strong><em>Skyfest,<\/em><\/strong>\u00a0es veraz y actualizado, teniendo que informar durante un periodo oportuno cualquier modificaci\u00f3n a los mismos, haci\u00e9ndose responsable de cualquier tipo de informaci\u00f3n falsa que puedan causar error en comunicaci\u00f3n a\u00a0<strong><em>Skyfest.,\u00a0<\/em><\/strong>o a terceros como lo pueden ser proveedores.<\/p>\n<ol>\n<li><strong> TRANSFERENCIA DE DATOS.<\/strong><\/li>\n<\/ol>\n<p>Sus datos personales obtenidos podr\u00e1n ser transferidos a empresas filiales, subsidiarias, as\u00ed como a nuestros clientes, proveedores, sociedades y asociaciones ya sea con fines publicitarios o de colaboraci\u00f3n para la realizaci\u00f3n del producto o servicios ofrecidos por<em>\u00a0<strong>Skyfest<\/strong><\/em><strong>,<\/strong>\u00a0para lo cual se tomar\u00e1n medidas que garanticen que el tercero que recibe los datos personales se apegue al cumplimiento del presente aviso de privacidad as\u00ed como a las normas y leyes aplicables en materia de protecci\u00f3n de datos en posesi\u00f3n de terceros.<\/p>\n<p>Es importante se\u00f1alar que\u00a0<strong><em>Skyfest,<\/em><\/strong>\u00a0se compromete a transferir los datos personales \u00fanica y exclusivamente para las finalidades aprobadas por el titular, as\u00ed como establecer y mantener los controles de seguridad necesarios para la protecci\u00f3n de estos.<\/p>\n<p>La informaci\u00f3n transferida a terceros tendr\u00e1 las finalidades que a continuaci\u00f3n, de forma enunciativa se dictan: Cumplimiento de las obligaciones contra\u00eddas con <strong><em>Skyfest.,<\/em><\/strong>\u00a0con proveedores contratados por <strong><em>Skyfest<\/em><\/strong>, o de los cuales haya autorizado coadyuvar para la consecuci\u00f3n del evento y con los cuales\u00a0<strong><em>Skyfest<\/em><\/strong> mantenga contratos de confidencialidad.<\/p>\n<ol>\n<li><strong> OPCIONES Y MEDIOS QUE EL RESPONSABLE OFRECE A LOS TITULARES PARA LIMITAR EL USO O DIVULGACI\u00d3N DE DATOS.<\/strong><\/li>\n<\/ol>\n<p><strong><em>Skyfest<\/em><\/strong>, hace de su conocimiento que los datos personales obtenidos se someten a estrictos controles de resguardo de informaci\u00f3n y su uso tiene como fin el desarrollo y cumplimiento de los productos y servicios ofrecidos. Ahora bien, el titular podr\u00e1 contar con cinco d\u00edas h\u00e1biles para manifestar la negativa al tratamiento de sus datos personales para las finalidades mencionadas en los p\u00e1rrafos que anteceden, mediante notificaci\u00f3n por correo electr\u00f3nico certificado con acuse de recibo, dirigido a info@viveskyfest.com\u00a0, en cuyo caso deber\u00e1 describir para cuales casos desea excluir o limitar informaci\u00f3n. Cabe se\u00f1alar, que en el caso que dicha negativa al uso y\/o divulgaci\u00f3n de datos impida el cumplimiento cabal en la entrega de productos o servicios ofrecidos por parte de\u00a0<strong><em>Skyfest<\/em><\/strong><em>,\u00a0<\/em>se entender\u00e1 como negativa por parte del titular, a los t\u00e9rminos y condiciones establecidos en el presente Aviso de Privacidad sin responsabilidad para la persona fisica aludida.<\/p>\n<ol>\n<li><strong> PERIODO DE CONSERVACION.<\/strong><\/li>\n<\/ol>\n<p>Concluida la relaci\u00f3n contractual entre el Usuario y\u00a0<strong><em>Skyfest,\u00a0<\/em><\/strong>los datos por proporcionados por el primero de los se\u00f1alados podr\u00e1n ser almacenados por un periodo de tiempo indeterminado, teniendo el Usuario derecho de solicitar darlos de baja cuando este as\u00ed lo manifieste, entendi\u00e9ndose por ello que sin manifestaci\u00f3n expresa, podr\u00e1n ser almacenados durante el periodo que <strong><em>Skyfest,<\/em><\/strong>\u00a0consider\u00e9, pudiendo hacer uso de estos para fines publicitarios y los dem\u00e1s descritos en el cuerpo del presente aviso de privacidad.<\/p>\n<p><strong>VII. DATOS DE MENORES.<\/strong><\/p>\n<p>El Usuario acepta que la informaci\u00f3n que se ingrese sobre personas menores de edad es responsabilidad \u00fanica del Usuario, deslind\u00e1ndose por ello a\u00a0<strong><em>Skyfest<\/em><\/strong> sobre cualquier tipo de responsabilidad judicial por la informaci\u00f3n que el Usuario proporcione, pudiendo\u00a0<strong><em>Skyfest<\/em><\/strong> eliminarla si considera que esta vulnera la probidad u honradez. Por lo anterior,\u00a0<strong><em>Skyfest<\/em><\/strong> tendr\u00e1 una especial atenci\u00f3n y cuidado en relaci\u00f3n con las personas menores de edad que aparezcan en videos, im\u00e1genes, fotograf\u00edas entre otros, teniendo una intervenci\u00f3n de supervisi\u00f3n humana.<\/p>\n<p><strong>VIII. MEDIOS PARA EJERCER LOS DERECHOS DE ACCESO, RECTIFICACI\u00d3N, CANCELACI\u00d3N U OPOSICI\u00d3N.<\/strong><\/p>\n<p>Usted tiene derecho a conocer qu\u00e9 datos personales tenemos de usted, para qu\u00e9 los utilizamos y las condiciones de uso que les damos (Acceso). Asimismo, es su derecho solicitar la correcci\u00f3n de su informaci\u00f3n personal en caso de que est\u00e9 desactualizada, sea inexacta o incompleta (Rectificaci\u00f3n); que la eliminemos de nuestros registros o bases de datos cuando considere que la misma no est\u00e1 siendo utilizada conforme a los principios, deberes y obligaciones previstas en la normativa (Cancelaci\u00f3n); as\u00ed como oponerse al uso de sus datos personales para fines espec\u00edficos (Oposici\u00f3n). Estos derechos se conocen como derechos ARCO. Asimismo, usted podr\u00e1 revocar el consentimiento que nos haya otorgado. Para el ejercicio de dichos derechos, as\u00ed como la revocaci\u00f3n de consentimiento deber\u00e1 notificarlo a trav\u00e9s de los mecanismos de comunicaci\u00f3n anteriormente definidos. En el caso de que la informaci\u00f3n proporcionada en la solicitud sea insuficiente o err\u00f3nea para atenderla, o bien, no se acompa\u00f1en los documentos solicitados, el personal del \u00e1rea de datos personales podr\u00e1 solicitar al titular, por una sola vez, que aporte los elementos o documentos necesarios para dar tr\u00e1mite a la misma. El titular contar\u00e1 con diez d\u00edas h\u00e1biles contados a partir del d\u00eda siguiente en que lo haya recibido para atender el requerimiento. De no dar respuesta en dicho plazo, se tendr\u00e1 por no presentada la solicitud correspondiente.<\/p>\n<ol>\n<li><strong> MODIFICACIONES AL AVISO DE PRIVACIDAD.<\/strong><\/li>\n<\/ol>\n<p>Nos reservamos el derecho de efectuar en cualquier momento modificaciones o actualizaciones al presente Aviso de Privacidad, para la atenci\u00f3n de novedades legislativas, pol\u00edticas internas o nuevos requerimientos para la prestaci\u00f3n u ofrecimiento de nuestros servicios, siendo responsabilidad del Usuario la supervisi\u00f3n de modificaciones y adecuaciones al presente convenio para posteriores accesos.<\/p>\n<p>Le informamos que por su seguridad y la de terceros, de los que podamos obtener informaci\u00f3n, siempre solicitamos su consentimiento expreso para el uso y tratamiento de esta, bajo los t\u00e9rminos establecidos en el presente Aviso de Privacidad y de ninguna manera se le dar\u00e1 un tratamiento distinto al se\u00f1alado en el presente aviso.<\/p>\n<p>He le\u00eddo el presente Aviso de Privacidad y otorgo mi consentimiento para el tratamiento de mis Datos bajo los t\u00e9rminos de este.<\/p>\n<p>\u00a0<\/p>\n<p>\u00a0<\/p>\n<p><\/p>\t\t\t\t\t\t\t\t<\/div>\n\t\t\t\t<\/div>\n\t\t\t\t<div class=\"elementor-element elementor-element-8cd129f elementor-align-center elementor-widget elementor-widget-button\" data-id=\"8cd129f\" data-element_type=\"widget\" data-e-type=\"widget\" data-widget_type=\"button.default\">\n\t\t\t\t<div class=\"elementor-widget-container\">\n\t\t\t\t\t\t\t\t\t<div class=\"elementor-button-wrapper\">\n\t\t\t\t\t<a class=\"elementor-button elementor-button-link elementor-size-sm\" href=\"https:\/\/www.viveskyfest.com\/presentacion\/\">\n\t\t\t\t\t\t<span class=\"elementor-button-content-wrapper\">\n\t\t\t\t\t\t<span class=\"elementor-button-icon\">\n\t\t\t\t<i aria-hidden=\"true\" class=\"fas fa-home\"><\/i>\t\t\t<\/span>\n\t\t\t\t\t\t\t\t<\/span>\n\t\t\t\t\t<\/a>\n\t\t\t\t<\/div>\n\t\t\t\t\t\t\t\t<\/div>\n\t\t\t\t<\/div>\n\t\t\t\t\t<\/div>\n\t\t<\/div>\n\t\t\t\t\t<\/div>\n\t\t<\/section>\n\t\t\t\t<\/div>\n\t\t","protected":false},"excerpt":{"rendered":"<p>aviso de privacidad AVISO DE PRIVACIDAD. Skyfest como empresa responsable del tratamiento de datos personales, garantiza su uso de forma leg\u00edtima, respetando en todo momento el derecho de sus propietarios a la autodeterminaci\u00f3n informativa de los datos que se obtienen en el uso del presente Sitio Web. Dado lo anterior, de conformidad con los lineamientos [&hellip;]<\/p>\n","protected":false},"author":1,"featured_media":0,"parent":0,"menu_order":0,"comment_status":"closed","ping_status":"closed","template":"elementor_canvas","meta":{"footnotes":""},"class_list":["post-3","page","type-page","status-publish","hentry"],"_links":{"self":[{"href":"https:\/\/www.viveskyfest.com\/presentacion\/wp-json\/wp\/v2\/pages\/3","targetHints":{"allow":["GET"]}}],"collection":[{"href":"https:\/\/www.viveskyfest.com\/presentacion\/wp-json\/wp\/v2\/pages"}],"about":[{"href":"https:\/\/www.viveskyfest.com\/presentacion\/wp-json\/wp\/v2\/types\/page"}],"author":[{"embeddable":true,"href":"https:\/\/www.viveskyfest.com\/presentacion\/wp-json\/wp\/v2\/users\/1"}],"replies":[{"embeddable":true,"href":"https:\/\/www.viveskyfest.com\/presentacion\/wp-json\/wp\/v2\/comments?post=3"}],"version-history":[{"count":23,"href":"https:\/\/www.viveskyfest.com\/presentacion\/wp-json\/wp\/v2\/pages\/3\/revisions"}],"predecessor-version":[{"id":605,"href":"https:\/\/www.viveskyfest.com\/presentacion\/wp-json\/wp\/v2\/pages\/3\/revisions\/605"}],"wp:attachment":[{"href":"https:\/\/www.viveskyfest.com\/presentacion\/wp-json\/wp\/v2\/media?parent=3"}],"curies":[{"name":"wp","href":"https:\/\/api.w.org\/{rel}","templated":true}]}}